{"id":37,"date":"2021-11-09T11:19:51","date_gmt":"2021-11-09T10:19:51","guid":{"rendered":"https:\/\/wp18.bonaweb.de\/?page_id=37"},"modified":"2021-11-10T13:19:29","modified_gmt":"2021-11-10T12:19:29","slug":"ack-heidelberg","status":"publish","type":"page","link":"https:\/\/wp18.bonaweb.de\/?page_id=37","title":{"rendered":"ACK Heidelberg"},"content":{"rendered":"\n<p>In der \u201eArbeitsgemeinschaft Christlicher Kirchen\u201c (ACK) in Heidelberg sind verschiedene Kirchen zu christlicher Zusammenarbeit verbunden. Damit repr\u00e4sentiert sie ein weites und vielf\u00e4ltiges Spektrum der kirchlichen \u00d6kumene.<br><br>Bei aller Verschiedenheit wollen wir unsere Gemeinsamkeit im Glauben an den einen Herrn Jesus Christus suchen und ihn in Zeugnis, Dienst und gemeinsamer Verantwortung f\u00fcr diese Welt sichtbar machen. Er soll als Haupt der einen Kirche und Herr der Welt bekannt werden.<br>Als Christen dieser Stadt sehen wir unsere Aufgabe darin voneinander zu lernen,zueinander zu finden und offen zu sein f\u00fcr die N\u00f6te der Menschen, die unsere Hilfe brauchen.<br><br>Wir laden Sie herzlich ein, den Reichtum an christlichen Gemeinden in Heidelberg zu entdecken. Nur wer mit der \u00f6kumenischen Perspektive lebt, kann die Vielfalt christlichen Lebens wahrnehmen und das Geheimnis christlicher Hoffnung auch in der eigenen Kirche neu finden.<br><br>Mit ihrer Website <strong><a href=\"http:\/\/www.ack-heidelberg.de\" target=\"_blank\" rel=\"noreferrer noopener\">http:\/\/www.ack-heidelberg.de<\/a><\/strong> hofft die ACK in Heidelberg allen Interessierten einen guten Wegweiser anzubieten.<br><br>Jesus spricht:<br>Ich bin der Weg, die Wahrheit und das Leben!&nbsp;&nbsp;&nbsp;&nbsp;&nbsp; Johannes 14, Vers 6<\/p>\n\n\n\n<p>Zum Erkunden der vielf\u00e4ltigen kirchlichen Landschaft in Heidelberg bietet die ACK Heidelberg in den Jahren 2020\/2021 insgesamt vier \u00d6kumenische Kirchenwanderungen an.<\/p>\n\n\n\n<figure class=\"wp-block-image\"><a href=\"https:\/\/lutherisch-rhein-neckar.de\/media\/filer_public\/6e\/a2\/6ea2bc4f-8bdc-4bb1-8d81-6ba665a57e49\/ack-flyerwanderung_i.pdf\"><img decoding=\"async\" src=\"https:\/\/lutherisch-rhein-neckar.de\/media\/filer_public_thumbnails\/filer_public\/f5\/67\/f5679c29-9d19-4bf2-aff5-ece08d303b4e\/ack-flyerwanderung_i_vorschau.jpg__290x566_q85_subsampling-2.jpg\" alt=\"ACK-FlyerWanderung_I_Vorschau.jpg\"\/><\/a><\/figure>\n\n\n\n<p>Zu Nachrichten aus der Rohrbach-\u00d6kumene kommen Sie <strong><a href=\"https:\/\/wp18.bonaweb.de\/?page_id=158\" data-type=\"page\" data-id=\"158\" target=\"_blank\" rel=\"noreferrer noopener\">hier<\/a><\/strong><\/p>\n","protected":false},"excerpt":{"rendered":"<p>In der \u201eArbeitsgemeinschaft Christlicher Kirchen\u201c (ACK) in Heidelberg sind verschiedene Kirchen zu christlicher Zusammenarbeit verbunden. Damit repr\u00e4sentiert sie ein weites und vielf\u00e4ltiges Spektrum der kirchlichen \u00d6kumene. Bei aller Verschiedenheit wollen wir unsere Gemeinsamkeit im Glauben an den einen Herrn Jesus Christus suchen und ihn in Zeugnis, Dienst und gemeinsamer Verantwortung f\u00fcr diese Welt sichtbar machen. [&hellip;]<\/p>\n","protected":false},"author":1,"featured_media":0,"parent":0,"menu_order":0,"comment_status":"closed","ping_status":"closed","template":"","meta":{"footnotes":""},"class_list":["post-37","page","type-page","status-publish","hentry"],"_links":{"self":[{"href":"https:\/\/wp18.bonaweb.de\/index.php?rest_route=\/wp\/v2\/pages\/37","targetHints":{"allow":["GET"]}}],"collection":[{"href":"https:\/\/wp18.bonaweb.de\/index.php?rest_route=\/wp\/v2\/pages"}],"about":[{"href":"https:\/\/wp18.bonaweb.de\/index.php?rest_route=\/wp\/v2\/types\/page"}],"author":[{"embeddable":true,"href":"https:\/\/wp18.bonaweb.de\/index.php?rest_route=\/wp\/v2\/users\/1"}],"replies":[{"embeddable":true,"href":"https:\/\/wp18.bonaweb.de\/index.php?rest_route=%2Fwp%2Fv2%2Fcomments&post=37"}],"version-history":[{"count":4,"href":"https:\/\/wp18.bonaweb.de\/index.php?rest_route=\/wp\/v2\/pages\/37\/revisions"}],"predecessor-version":[{"id":165,"href":"https:\/\/wp18.bonaweb.de\/index.php?rest_route=\/wp\/v2\/pages\/37\/revisions\/165"}],"wp:attachment":[{"href":"https:\/\/wp18.bonaweb.de\/index.php?rest_route=%2Fwp%2Fv2%2Fmedia&parent=37"}],"curies":[{"name":"wp","href":"https:\/\/api.w.org\/{rel}","templated":true}]}}