{"id":88,"date":"2021-11-09T11:30:37","date_gmt":"2021-11-09T10:30:37","guid":{"rendered":"https:\/\/wp18.bonaweb.de\/?page_id=88"},"modified":"2021-11-09T11:30:37","modified_gmt":"2021-11-09T10:30:37","slug":"wenn-sie-jemanden-brauchen","status":"publish","type":"page","link":"https:\/\/wp18.bonaweb.de\/?page_id=88","title":{"rendered":"Wenn Sie jemanden brauchen"},"content":{"rendered":"\n<p><strong>Wenn Sie jemanden brauchen&#8230;<\/strong><\/p>\n\n\n\n<p>Gerne k\u00f6nnen Sie per <a href=\"mailto:rhein-neckar@selk.de\">E-Mail<\/a> mit uns Kontakt aufnehmen, etwa, um einen Gespr\u00e4chstermin zu vereinbaren, oder sich telefonisch bei uns melden. F\u00fcr ein seelsorgliches oder beratendes Gespr\u00e4ch, oder f\u00fcr eine Beichte zur Entlastung von pers\u00f6nlicher Schuld steht der Pfarrer gern zur Verf\u00fcgung.<\/p>\n\n\n\n<p>In dringenden F\u00e4llen k\u00f6nnen Sie sich vertrauensvoll an die Telefonseelsorge 0800-1110111 oder 0800-1110222 wenden.<br>Beide Telefonnummern sind geb\u00fchrenfrei.<\/p>\n\n\n\n<p>Montags und Mittwochs, jeweils von 20.00 &#8211; 22.00 Uhr gibt es das Angebot der <a href=\"http:\/\/www.chatseelsorge.de\">Chatseelsorge<\/a> der EKD.<\/p>\n\n\n\n<p>Hilfe gibt es auch beim Kinder- und Jugendtelefon, die &#8222;Nummer gegen Kummer&#8220;: 0800-1110333.<\/p>\n","protected":false},"excerpt":{"rendered":"<p>Wenn Sie jemanden brauchen&#8230; Gerne k\u00f6nnen Sie per E-Mail mit uns Kontakt aufnehmen, etwa, um einen Gespr\u00e4chstermin zu vereinbaren, oder sich telefonisch bei uns melden. F\u00fcr ein seelsorgliches oder beratendes Gespr\u00e4ch, oder f\u00fcr eine Beichte zur Entlastung von pers\u00f6nlicher Schuld steht der Pfarrer gern zur Verf\u00fcgung. In dringenden F\u00e4llen k\u00f6nnen Sie sich vertrauensvoll an die [&hellip;]<\/p>\n","protected":false},"author":1,"featured_media":0,"parent":0,"menu_order":0,"comment_status":"closed","ping_status":"closed","template":"","meta":{"footnotes":""},"class_list":["post-88","page","type-page","status-publish","hentry"],"_links":{"self":[{"href":"https:\/\/wp18.bonaweb.de\/index.php?rest_route=\/wp\/v2\/pages\/88","targetHints":{"allow":["GET"]}}],"collection":[{"href":"https:\/\/wp18.bonaweb.de\/index.php?rest_route=\/wp\/v2\/pages"}],"about":[{"href":"https:\/\/wp18.bonaweb.de\/index.php?rest_route=\/wp\/v2\/types\/page"}],"author":[{"embeddable":true,"href":"https:\/\/wp18.bonaweb.de\/index.php?rest_route=\/wp\/v2\/users\/1"}],"replies":[{"embeddable":true,"href":"https:\/\/wp18.bonaweb.de\/index.php?rest_route=%2Fwp%2Fv2%2Fcomments&post=88"}],"version-history":[{"count":1,"href":"https:\/\/wp18.bonaweb.de\/index.php?rest_route=\/wp\/v2\/pages\/88\/revisions"}],"predecessor-version":[{"id":89,"href":"https:\/\/wp18.bonaweb.de\/index.php?rest_route=\/wp\/v2\/pages\/88\/revisions\/89"}],"wp:attachment":[{"href":"https:\/\/wp18.bonaweb.de\/index.php?rest_route=%2Fwp%2Fv2%2Fmedia&parent=88"}],"curies":[{"name":"wp","href":"https:\/\/api.w.org\/{rel}","templated":true}]}}