{"id":95,"date":"2021-11-09T11:38:04","date_gmt":"2021-11-09T10:38:04","guid":{"rendered":"https:\/\/wp18.bonaweb.de\/?page_id=95"},"modified":"2021-11-10T13:35:29","modified_gmt":"2021-11-10T12:35:29","slug":"gemeindebrief","status":"publish","type":"page","link":"https:\/\/wp18.bonaweb.de\/?page_id=95","title":{"rendered":"Gemeindebrief"},"content":{"rendered":"\n<div class=\"wp-block-columns\">\n<div class=\"wp-block-column\">\n<h5 class=\"wp-block-heading\">Gemeindebrief September-November 2021<\/h5>\n\n\n\n<div class=\"wp-block-image\"><figure class=\"alignleft size-full\"><a href=\"http:\/\/wp18.bonaweb.de\/wp-content\/uploads\/2021\/11\/september2021_web.pdf\"><img loading=\"lazy\" decoding=\"async\" width=\"45\" height=\"64\" src=\"http:\/\/wp18.bonaweb.de\/wp-content\/uploads\/2021\/11\/september2021_vorschau_ii.jpg__45x64_q85_crop_subsampling-2_upscale.jpg\" alt=\"\" class=\"wp-image-171\"\/><\/a><\/figure><\/div>\n\n\n\n<p><\/p>\n\n\n\n<h5 class=\"wp-block-heading\">Gemeindebrief Juni-August 2021<\/h5>\n<\/div>\n\n\n\n<div class=\"wp-block-column\">\n<p>Weitere Downloads<\/p>\n\n\n\n<p><a href=\"https:\/\/lutherisch-rhein-neckar.de\/media\/filer_public\/88\/db\/88db4e7f-d4e9-49c7-9967-f58773e42d43\/gemeindeordnung-hd_2013-07-10.pdf\">Gemeindeordnung St. Thomas Heidelberg (101,5&nbsp;KB)<\/a><\/p>\n\n\n\n<p><a href=\"https:\/\/lutherisch-rhein-neckar.de\/media\/filer_public\/a3\/5b\/a35b3864-2c69-494f-a2ae-7694214b6f51\/gemeindeordnung-ma_2013-07-10.pdf\">Gemeindeordnung St. Michael Mannheim (101,6&nbsp;KB)<\/a><\/p>\n\n\n\n<p><a href=\"http:\/\/www.selk.de\/download\/Lutherische_Orientierung_Heft-4.pdf\">Das Leben ist endlich &#8211; Orientierungshilfe zu Pflege, Sterben und Tod<\/a><\/p>\n\n\n\n<p><a href=\"http:\/\/www.selk.de\/download\/Lutherische_Orientierung7.pdf\">Haben als h\u00e4tte man nicht &#8211; Wirtschaftsethik in verantworteter Freiheit<\/a><\/p>\n\n\n\n<p><a href=\"http:\/\/www.selk.de\/download\/Lutherische_Orientierung_Heft-1.pdf\">Was ist der Mensch? &#8211; Positionen zur Bioethik<\/a><\/p>\n\n\n\n<p><a href=\"http:\/\/www.selk.de\/download\/Hirtenwort_01-2015.pdf\">Fl\u00fcchtlinge wilkommen hei\u00dfen &#8211; Hirtenwort von Bischof Hans-J\u00f6rg Voigt zum Thema Fl\u00fcchtlinge<\/a><\/p>\n<\/div>\n<\/div>\n\n\n\n<p><\/p>\n","protected":false},"excerpt":{"rendered":"<p>Gemeindebrief September-November 2021 Gemeindebrief Juni-August 2021 Weitere Downloads Gemeindeordnung St. Thomas Heidelberg (101,5&nbsp;KB) Gemeindeordnung St. Michael Mannheim (101,6&nbsp;KB) Das Leben ist endlich &#8211; Orientierungshilfe zu Pflege, Sterben und Tod Haben als h\u00e4tte man nicht &#8211; Wirtschaftsethik in verantworteter Freiheit Was ist der Mensch? &#8211; Positionen zur Bioethik Fl\u00fcchtlinge wilkommen hei\u00dfen &#8211; Hirtenwort von Bischof Hans-J\u00f6rg [&hellip;]<\/p>\n","protected":false},"author":1,"featured_media":0,"parent":0,"menu_order":0,"comment_status":"closed","ping_status":"closed","template":"","meta":{"footnotes":""},"class_list":["post-95","page","type-page","status-publish","hentry"],"_links":{"self":[{"href":"https:\/\/wp18.bonaweb.de\/index.php?rest_route=\/wp\/v2\/pages\/95","targetHints":{"allow":["GET"]}}],"collection":[{"href":"https:\/\/wp18.bonaweb.de\/index.php?rest_route=\/wp\/v2\/pages"}],"about":[{"href":"https:\/\/wp18.bonaweb.de\/index.php?rest_route=\/wp\/v2\/types\/page"}],"author":[{"embeddable":true,"href":"https:\/\/wp18.bonaweb.de\/index.php?rest_route=\/wp\/v2\/users\/1"}],"replies":[{"embeddable":true,"href":"https:\/\/wp18.bonaweb.de\/index.php?rest_route=%2Fwp%2Fv2%2Fcomments&post=95"}],"version-history":[{"count":8,"href":"https:\/\/wp18.bonaweb.de\/index.php?rest_route=\/wp\/v2\/pages\/95\/revisions"}],"predecessor-version":[{"id":179,"href":"https:\/\/wp18.bonaweb.de\/index.php?rest_route=\/wp\/v2\/pages\/95\/revisions\/179"}],"wp:attachment":[{"href":"https:\/\/wp18.bonaweb.de\/index.php?rest_route=%2Fwp%2Fv2%2Fmedia&parent=95"}],"curies":[{"name":"wp","href":"https:\/\/api.w.org\/{rel}","templated":true}]}}